034. Is r a prime number?
False
Is -3*1 - ((-44898)/6 - -3) prime?
True
Let c(u) = 2*u**2 - 11*u + 18. Let q be c(9). Suppose -q = 2*x - 323. Is x a composite number?
True
Let m(t) = 2*t**3 + 5*t**2 - 7*t + 5. Let z = 6 + -1. Suppose -5*k = -3*r + r - 16, -4*k + 26 = z*r. Is m(k) a prime number?
False
Let o(f) be the third derivative of f**5/10 - f**4/4 + 7*f**3/6 + 2*f**2. Is o(5) prime?
True
Suppose 0*l - 3541 = -l + 4*z, l - 3501 = -4*z. Is l a composite number?
True
Let n = 10 + 201. Is n a composite number?
False
Suppose -4*r + 10 = -10. Suppose r*j = 3*v - 334, -3*v + 3*j + j + 335 = 0. Is v a prime number?
True
Suppose 4*v + 6 - 22 = 0. Let t(r) = 8*r**2 + r - 1 - 5*r**2 + v*r**2. Is t(1) prime?
True
Let b(j) = -j**3 + 5*j**2 - 4*j + 2. Let a = 10 + -6. Let p be b(a). Let y(u) = 7*u**3 + 2*u - 1. Is y(p) composite?
False
Let z = -250 + 57. Let x = 298 - z. Is x prime?
True
Suppose -3*o + 5 = -4, 0 = 2*g - o - 9. Is 39*2/(1*g) composite?
False
Let v(l) = 3*l**3 + 4*l**2 - l - 2. Let y be v(-4). Let b = 245 + y. Is b composite?
True
Let w = 23 - 21. Is (-3)/(-2) + 35/w a composite number?
False
Let u = -74 - -413. Is u prime?
False
Let j = 40 - -173. Suppose h - 2*k = 130, -h + 97 = 2*k - 21. Let p = j - h. Is p a composite number?
False
Let s(v) = 12*v**2 + 2*v + 9. Is s(-7) prime?
False
Suppose 16 = 4*j - 2*b, -j - 2*b = j - 8. Is (-73)/(-2) - j/(-8) composite?
False
Let p(h) = h - 1. Let g be p(4). Suppose -2*c + 3 = -g. Is -1 + c + (-1 - -210) a composite number?
False
Suppose 2*d + 564 = 5*k - 757, 538 = 2*k + 4*d. Let p be (-3)/6*-4 + 0. Suppose -p*q = -7*q + k. Is q a prime number?
True
Let k = 408 + -197. Is k a composite number?
False
Is -8 + 2 + 2 - -801 prime?
True
Suppose -5*j + 20 = -j, j - 710 = -3*v. Suppose -v = -3*f - 3*a - a, 0 = 3*a - 3. Is f composite?
True
Let z = -9 + 13. Is 1/(3 - z)*-53 composite?
False
Let w be ((-3 + 2)*0)/2. Suppose -19 = -x + 2*h - 6*h, w = -x + 2*h + 7. Let n = 22 - x. Is n a composite number?
False
Suppose 5*w + 21 = 2*o - 113, -4*w = 0. Is o composite?
False
Let n be (3/(-5))/((-6)/(-30)). Is (-2)/n*5382/12 composite?
True
Is 67 + 7/((-7)/2) a composite number?
True
Is -2 + 5 + -128*4/(-4) a composite number?
False
Let p be -1 + 1 - 1 - -9. Let g(h) = 3*h - 9. Is g(p) composite?
True
Let q(a) be the second derivative of 2*a**5/5 - a**4/12 + a**3/3 + 3*a**2/2 + 3*a. Let u be q(-2). Let d = -34 - u. Is d a prime number?
False
Suppose -5*h - 247 = -962. Is h a prime number?
False
Let s(l) = l**3 - l**2 + l + 4. Let i be s(0). Suppose 87 + 53 = i*f. Is f a prime number?
False
Suppose 4*n = -4*k + 820, -571 = -5*k - n + 446. Let i = -76 + k. Is i prime?
True
Suppose -4*z = z - 815. Let w = 248 - z. Is w composite?
True
Let q(x) = 41*x**2 + 10*x - 5. Is q(2) composite?
False
Is 6044/10*20/8 a prime number?
True
Let q(u) = -u + 2*u + 5 - 2*u. Let l be q(4). Is -190*l*(-2)/4 prime?
False
Let v = 8 + -2. Let j(z) = -v*z - 2 - 1 + 2 + 2. Is j(-7) composite?
False
Let v(x) = 7*x**2 - 5*x + 1. Let f be v(6). Suppose 5*o = -3*m + f, 0 = -5*o + 2*m + 84 + 159. Is o a composite number?
False
Let y(l) = l. Let h be y(-1). Is (154/(-8))/(h/4) a prime number?
False
Let j = -1632 + 2585. Is j prime?
True
Suppose -3*l = -4*l - c + 5, 0 = -3*c - 3. Suppose -2*i = 2 - l. Suppose -f - 3*t + t + 49 = 0, 98 = i*f + 5*t. Is f composite?
True
Suppose -c + 2*c + z = 957, -5*z + 973 = c. Is c a prime number?
True
Suppose -u + 2*u = 2*y - 200, 0 = -5*y + 2*u + 500. Suppose 5*b - 2*b - 6 = 0, -4*s + y = 4*b. Is s composite?
False
Let x(h) = 0*h + h**3 + 2*h - 3 + 4*h**2 + 2*h**2. Let o(i) = -i. Let c(a) = 5*o(a) + x(a). Is c(-6) composite?
True
Suppose 0*m - 31 = -3*h + 5*m, 5*h - 4*m = 30. Suppose 0*r + 8 = -h*r, -w + 4*r + 51 = 0. Is w a composite number?
True
Suppose 1 + 6 = c. Suppose -c = 4*x - 5*x. Is x prime?
True
Let b(q) = q - q + 3*q + 0 + 4. Is b(5) a composite number?
False
Let r(m) = m - 2. Let w be r(4). Let c(q) = 18*q**3 - 3*q**2 + 1. Is c(w) composite?
True
Let v(c) = 18*c**2 + 5*c - 6. Suppose -5*k + 21 = 4*o, 0*k - k = -4*o - 9. Is v(k) composite?
True
Suppose -1547 = -5*s + 383. Suppose -4*n + 50 = -s. Is n composite?
False
Suppose 4*l + 2*h - 26 = 0, -4*l + 2*h + 4 = -2*l. Suppose -l*d + 221 = -2*d - 2*q, 0 = 5*q - 25. Is d a composite number?
True
Let q be ((-15)/(-10))/((-3)/4). Is (q - 4)*(-6)/9 a prime number?
False
Let m(u) = u**2 - 3*u. Suppose -3*r + 4*r = 3. Let s be m(r). Is 3*(0 + s - -13) a composite number?
True
Let l = -5 - -9. Suppose 0 = f + l*g - 18, 0 = 3*f - f - 4*g + 24. Is (f/4 + 1)*38 a prime number?
True
Suppose -p + 4*p = 2037. Is p composite?
True
Let f be (82 + 4)*2/4. Let l = f + 48. Is l composite?
True
Let t = 8 + -4. Suppose -2*o - 3*o + 389 = 3*b, -t*o + 532 = 4*b. Suppose v - b = -v. Is v prime?
False
Let z be (-4168)/(-32) + (-6)/(-8). Let j = z - -47. Is j a prime number?
False
Let s = 1203 + -856. Is s prime?
True
Let b(q) = 7*q**2 - 7*q + 1. Is b(7) a composite number?
True
Let t(p) = p**3 + p**2 + p + 1. Let o be t(-2). Let u(j) be the third derivative of -j**5/60 - 11*j**4/24 + j**3/6 + 3*j**2. Is u(o) composite?
False
Is 2/55*5 - (-15768)/33 prime?
False
Let c be 3/(-6) + (-2)/(-4). Let p be -1 - c - (1 - 4). Suppose -5*h + 5*u + 460 = 0, h - 6*u - 101 = -p*u. Is h a composite number?
False
Suppose -z - z - 30 = 0. Let w = z - -35. Is (-82)/(-6) - w/30 a composite number?
False
Let o = 98 - 57. Let j(a) = -a. Let u be j(-2). Let t = o - u. Is t a composite number?
True
Let r(u) = -17*u - 13. Suppose 19 = -3*t + 1. Is r(t) a composite number?
False
Suppose 22 = 4*y - 0*x - 2*x, 4*y + 4*x - 4 = 0. Suppose 0*u + 5*u = 2*s + 1, -y*s + 9 = u. Is ((-53)/s)/(5/(-10)) a composite number?
False
Let g = 1 + 2. Let l = 12 - g. Is (-4)/(-18) - (-25)/l composite?
False
Let l(c) = -414*c**3 + 2*c**2 - c - 2. Let h be l(-1). Let x = h - 230. Is x a composite number?
True
Suppose 9*d - 143 = 8*d. Is d prime?
False
Suppose m - 3*m + 12 = 0. Suppose -y - 2*y = -m. Suppose -50 = -4*h - y*s, -4*h + 24 = 5*s - 23. Is h composite?
False
Suppose 588 = 2*c - 250. Let w = -232 + c. Is w a prime number?
False
Let r = 3 + 0. Suppose -5*m = -3*s + 1301, r*s + 786 = -m + 2099. Is s a composite number?
True
Is (-13094)/(-8) - ((-44)/(-16) + -3) a prime number?
True
Let p = -22 + 120. Suppose p + 338 = 4*x. Is x composite?
False
Suppose -3*u = -l - 17, -l = -2*u + 6*u - 18. Suppose -5*b = -4 - 1, -u*b = 2*a - 13. Suppose -a*t = 9 - 269. Is t a prime number?
False
Let b = -86 + 309. Is b a composite number?
False
Let k(p) = 11*p - 10. Let x be (5 - 4)/(2/14). Is k(x) a composite number?
False
Let a(o) = o**2 - 4*o + 2. Suppose 3*t + 12 = 5*h, -t = t + 3*h + 27. Is a(t) a prime number?
False
Suppose 56070 = 14*i + 14308. Is i a composite number?
True
Let u(t) = t**2 - 11 + 9*t + t - 3*t. Let v(c) = c**3 - 5*c**2 + 2*c - 1. Let o be v(4). Is u(o) prime?
True
Let r = 1705 + -767. Suppose 5*t = r + 117. Is t a prime number?
True
Let y(p) = -p**3 - 5*p**2 + 6*p + 2. Let t be y(-6). Suppose t*c - 6 + 0 = 0. Suppose 3*q - 379 = k, 5*k - 385 = -c*q + 3*k. Is q a prime number?
True
Suppose -q = -0*q + 12. Let j be ((-209)/(-3))/(4/q). Let s = j + 370. Is s a composite number?
True
Let t(b) = -b**3 - b**2 - b - 1. Let g be t(-2). Suppose n + 644 = g*n. Is n a composite number?
True
Suppose 0*w - 275 = -5*h + 5*w, -h + 46 = -4*w. Let j = h + 88. Is 1/(2 - j/74) composite?
False
Is (-1 + (-192)/20)*-5 a composite number?
False
Let u(x) be the third derivative of 0*x - 1/60*x**5 + 3/8*x**4 + x**2 + 0 - 1/6*x**3. Is u(5) a composite number?
False
Suppose -7*g + 11*g + 456 = 0. Suppose 0*k + 2*k + 74 = 0. Let a = k - g. Is a a composite number?
True
Suppose -5*j = -2*v - 31243, -5*j + 8*v - 4*v + 31251 = 0. Is j prime?
True
Let l be 2/(-7) - (-1153)/(-7). Let h = l - -250. Is h a prime number?
False
Suppose -i = -5*i - 8. Let x be -3 - i - 1*-23. Suppose -3*w - l = -0*l - x, 0 = w + 4*l - 11. Is w composite?
False
Let v(c) = 2*c**2 - 2*c - 7. Is v(12) a prime number?
True
Suppose 390 = 6*x - 2856. Is x prime?
True
Suppose 3*j - 4*p - 2 = 0, -j - 11 = -4*p + 5*p. Let k(g) = -11*g - 23. Let b(r) = 6*r + 11. Let d(h) = -9*b(h) - 4*k(h). Is d(j) a composite number?
False
Let x(a) = a - 7 + 6 + 0. Let q be x(3